2855*f - 668556. Give t(3).
9
Let t(o) = 4*o**2 + 4278*o + 17085. Give t(-4).
37
Let a(d) = -8*d**3 + 1610*d**2 - 106*d - 59481. Give a(201).
15
Let d(a) = -a**2 + 1961*a + 156868. What is d(-77)?
-58
Let t(p) = 63*p**2 - 1301*p - 44. What is t(20)?
-864
Let l(s) = 8388*s**2 + 159402*s + 560. Give l(-19).
-10
Let i(z) = -z**2 + 5250068*z - 15750190. What is i(3)?
5
Let r(h) = h**2 + 948*h - 22622. Give r(23).
-289
Let w(q) = -8*q**2 - 14*q + 1153. Give w(-13).
-17
Let x(q) = q**3 - 167*q**2 - 95*q - 105. Determine x(0).
-105
Let v(q) = -23052*q**2 - 2351303*q + 93. Give v(-102).
-9
Let k(p) = -24418*p**2 + 195345*p + 1. Determine k(8).
9
Let b(o) = -3*o**2 - 35*o - 213. Give b(-10).
-163
Let d(p) = p**3 + 23*p**2 - 996*p - 21224. Give d(-20).
-104
Let j(y) = -y**3 + 134*y**2 - 155*y + 2964. Give j(133).
38
Let j(g) = 2*g**3 - 42*g**2 + 481*g - 5827. Determine j(17).
38
Let f(c) = c**3 + 88*c**2 - 58*c - 5020. Determine f(-88).
84
Let c(h) = 7*h**2 - 2503*h - 7575. What is c(-3)?
-3
Let g(q) = -2*q**2 - 8*q + 60. Calculate g(-10).
-60
Let p(h) = 3*h**3 + 275*h**2 - 394*h - 2040. Calculate p(-93).
6
Let f(v) = -8151*v - 65569. Determine f(-8).
-361
Let s(n) = -2*n**3 + 21*n**2 - 78*n + 158. What is s(6)?
14
Let y(w) = -8469*w + 6223. Calculate y(1).
-2246
Let b(h) = h**3 - 263*h**2 + 7*h - 1780. Give b(263).
61
Let k(l) = -l**2 - 1793*l - 100411. What is k(-58)?
219
Let r(h) = 18*h**2 + 1346*h - 1921. What is r(-76)?
-249
Let w(c) = c**3 + 78*c**2 - 146*c + 1119. Determine w(-80).
-1
Let a(i) = 5*i**2 + 4595*i - 4596. Determine a(1).
4
Let h(k) = -144*k + 27578. What is h(177)?
2090
Let g(n) = -18*n**2 - 604*n - 7. Determine g(-26).
3529
Let v(m) = 71*m**2 - 363*m - 1622. Give v(8).
18
Let g(o) = -46*o + 5068. Determine g(86).
1112
Let h(v) = -106*v**3 - 3*v**2 + 52*v - 82. Give h(2).
-838
Let z(n) = -n**3 - 20*n**2 - 11*n + 135. Calculate z(-5).
-185
Let z(a) = 13395*a + 26846. Give z(-2).
56
Let t(w) = 6*w**3 + 140*w**2 - 296*w - 7827. What is t(-23)?
39
Let u(w) = -996*w + 37478. What is u(37)?
626
Let x(q) = 4796*q + 105611. Determine x(-22).
99
Let a(b) = 72*b + 1093. Give a(-18).
-203
Let q(g) = -g**3 - 19*g**2 + 13*g + 11. Determine q(-18).
-547
Let r(w) = 120*w**2 - 1472*w + 301. Calculate r(12).
-83
Let p(v) = -14*v**2 - 104*v - 1083. Calculate p(-9).
-1281
Let x(g) = -3460*g**2 + 24220*g - 14. Determine x(7).
-14
Let a(g) = g**2 - 614*g + 25170. What is a(45)?
-435
Let q(w) = w**3 + 49*w**2 + 106*w + 565. Give q(-47).
1
Let g(z) = 31934*z - 127749. What is g(4)?
-13
Let y(g) = g**3 - 11*g**2 - 5712*g + 34326. What is y(6)?
-126
Let m(l) = 8*l**3 + 1275*l**2 + 483*l + 983. Give m(-159).
29
Let x(h) = -21552*h + 6982839. Calculate x(324).
-9
Let c(l) = -l**3 + 24*l**2 + 104*l - 3792. Give c(17).
-1
Let j(a) = -23*a**2 - 5968*a + 1777. Give j(-260).
-1343
Let k(w) = 120*w**3 + 9602*w**2 + 161*w + 79. Give k(-80).
-1
Let t(n) = -n**2 + 4774*n - 236209. Calculate t(50).
-9
Let q(j) = -5*j**3 - 119*j**2 + 4*j + 75. Calculate q(-24).
555
Let d(j) = 14*j**2 - 544*j + 1082. Give d(2).
50
Let v(r) = -6*r**3 + 349*r**2 + 708*r - 4. What is v(-2)?
24
Let g(f) = 188*f - 520. Give g(6).
608
Let r(c) = 143*c**2 - 32*c + 7. Determine r(-2).
643
Let q(t) = -t**2 - 8460*t - 6312491. Determine q(-827).
0
Let w(g) = 249*g**2 + 1716*g + 55. Give w(-7).
244
Let k(v) = -499*v - 4371. What is k(-8)?
-379
Let z(l) = 7*l**3 - 38*l**2 + 12*l - 15. Calculate z(3).
-132
Let m(u) = -29964*u - 1108665. Calculate m(-37).
3
Let m(r) = -904*r + 5258. What is m(2)?
3450
Let s(x) = -1360122*x - 19041707. Calculate s(-14).
1
Let q(j) = 347*j - 12947. What is q(36)?
-455
Let y(j) = j**3 + 2*j**2 - 4*j - 45. Determine y(-5).
-100
Let x(a) = 20*a + 671. Give x(-14).
391
Let i(m) = -194*m**2 - 9314*m - 90. Give i(-48).
6
Let u(h) = -78*h**2 + 59*h + 158. What is u(-5)?
-2087
Let z(u) = -2*u**2 + 156*u + 4658. Determine z(-24).
-238
Let u(a) = -17*a**3 + 3*a**2 - 72*a + 368. Determine u(4).
-960
Let y(b) = 18014*b + 35948. What is y(-2)?
-80
Let q(a) = a**3 - 38*a**2 + 342*a - 86. Give q(14).
-2
Let w(u) = -3664*u - 615555. Determine w(-168).
-3
Let h(f) = 8*f**2 - 46*f + 712. Calculate h(9).
946
Let y(i) = 321628*i + 26373488. What is y(-82)?
-8
Let f(c) = 41*c**2 - 83*c - 509. Give f(-5).
931
Let r(l) = -406974*l + 14244095. Give r(35).
5
Let i(x) = -412454*x + 10723808. What is i(26)?
4
Let i(y) = 10*y**2 - 88*y - 130. What is i(9)?
-112
Let d(h) = 3*h**3 + 506*h**2 + 779*h + 74399. Give d(-168).
-25
Let r(p) = p**3 + 312*p**2 + 268*p + 181851. Determine r(-313).
-2
Let a(k) = -117*k + 1458. Calculate a(15).
-297
Let h(a) = a**3 - 53*a**2 + 701*a - 126. Calculate h(24).
-6
Let j(f) = -917*f - 3374. What is j(-5)?
1211
Let i(k) = -k**2 + 20333*k + 142364. Determine i(-7).
-16
Let x(z) = 2870*z - 378304. Calculate x(132).
536
Let q(i) = i**2 - 496*i + 2880. Calculate q(6).
-60
Let x(n) = 1622*n**3 - 8*n**2 + 38*n + 45. Give x(-1).
-1623
Let c(d) = 12168*d + 790908. Calculate c(-65).
-12
Let y(j) = -36*j**3 - 147*j**2 + 7230*j + 28967. Give y(-4).
-1
Let h(g) = 399*g - 4330. Calculate h(11).
59
Let i(c) = -876*c + 5330. What is i(8)?
-1678
Let m(a) = 29369*a + 176205. Calculate m(-6).
-9
Let r(i) = -684*i - 19872. Calculate r(-29).
-36
Let g(c) = -c**2 + 76*c - 5413. Determine g(76).
-5413
Let w(j) = -26*j**2 - 1826*j - 12717. Give w(-7).
-1209
Let t(h) = -2*h**2 - 7967*h - 87300. Give t(-11).
95
Let v(h) = -720*h + 14873. Give v(21).
-247
Let y(f) = -3*f**2 - 775*f - 49899. Give y(-122).
-1
Let u(y) = -3*y**2 - 260*y - 3654. Calculate u(-69).
3
Let b(q) = 3*q**3 + 7*q**2 - 199*q - 1136. What is b(-5)?
-341
Let x(v) = v**3 + 28*v**2 + 4018*v + 57343. Determine x(-15).
-2
Let n(s) = -2*s**3 + 104*s**2 - 538*s - 443. What is n(46)?
201
Let i(t) = 1906*t + 5575. Determine i(-3).
-143
Let w(x) = -3*x**2 + 275*x + 5372. Determine w(108).
80
Let n(p) = 4*p**3 + 988*p**2 + 78*p + 19267. What is n(-247)?
1
Let d(b) = -b**3 + 10*b**2 - 2315*b + 27971. Calculate d(12).
-97
Let q(a) = -25*a**2 - 9118*a - 103414. Give q(-353).
15
Let y(l) = -6009*l**2 - 17922*l + 342. Calculate y(-3).
27
Let l(b) = 3*b**2 - 182*b + 1678. Determine l(30).
-1082
Let c(g) = g**2 - 3678*g - 111229. What is c(-30)?
11
Let c(g) = 1888*g - 41332. Calculate c(22).
204
Let y(c) = -c**3 + 3*c**2 - 19039*c + 76187. Calculate y(4).
15
Let o(p) = -1949463*p - 7797854. What is o(-4)?
-2
Let x(n) = -4*n**3 + 97*n + 13. Calculate x(0).
13
Let w(o) = -o**2 + 13958*o - 1027412. Determine w(74).
4
Let i(x) = -16*x**3 + 4*x**2 + 120*x + 547. Determine i(-5).
2047
Let f(j) = 3*j**3 - 22*j**2 + 231*j - 63. Give f(11).
3809
Let v(m) = -2*m**3 - 2028*m**2 - 22085*m - 215. Give v(-11).
-6
Let z(c) = -c**2 + 26226*c - 681202. Calculate z(26).
-2
Let c(x) = -x**3 + 12*x**2 + 2197*x - 42133. Determine c(21).
35
Let r(w) = 12*w + 486. What is r(-38)?
30
Let g(t) = -t**2 + 8511*t - 4965056. Calculate g(630).
-26
Let d(q) = -q**3 - 440*q**2 + 18191*q + 12899. Determine d(-478).
-7
Let l(z) = -2353*z - 225689. Determine l(-96).
199
Let j(i) = 168274*i + 1177931. Determine j(-7).
13
Let t(x) = 15*x**2 + 1218*x - 41451. Give t(-107).
-42
Let o(u) = -u**3 + 72*u**2 - 1213*u - 31. Calculate o(27).
23
Let a(u) = u**3 - 101*u**2 + 143*u + 40391. Determine a(95).
-174
Let h(y) = -y**3 + 1079*y**2 - 11752*y + 56. Determine h(11).
12
Let d(l) = -10*l**2 + 750*l - 3491. Give d(5).
9
Let v(h) = -47*h**2 + 2191*h - 21980. Give v(32).
4
Let a(z) = 2*z**2 + 140*z + 401. Calculate a(-68).
129
Let u(z) = -z**2 + 518*z + 187094. What is u(-245)?
159
Let t(v) = -v**3 + 45*v**2 - 30*v - 12350. Determine t(27).
-38
Let t(m) = m**3 + 21*m**2 - 116*m + 9. Determine t(-24).
1065
Let h(j) = -j**3 + 75*j**2 - 135*j - 571. What is h(73)?
232
Let p(m) = -8*m - 928. Give p(-11).
-840
Let s(l) = -l**3 - 114*l**2 - 1093*l - 97294. Give s(-112).
34
Let b(c) = 1420*c - 52553. Calculate b(37).
-13
Let s(v) = -7*v**3 - 832*v**2 + 1920*v + 115196. Determine s(-120).
-4
Let o(t) = 1591*t - 299113. Determine o(188).
-5
Let d(s) = 721*s - 194685. Give d(270).
-15
Let s(z) = 2*z**3 + 110*z**2 - 348*z - 18877. What is s(-55)?
263
Let m(j) = 85*j**2 - 3642*j + 12741. Calculate m(39).
-12
Let k(m) = -263*m + 10668. Give k(42).
-378
Let k(r) = 21*r**3 + 6*r**2 - 73*r + 207.